0.
1355
What is the greatest common divisor of 178230395 and 245?
245
What is the greatest common factor of 421931536 and 144?
16
Calculate the highest common divisor of 4815949 and 19.
19
What is the highest common divisor of 337495 and 3605?
5
What is the highest common divisor of 21 and 117871887?
21
What is the highest common factor of 18848 and 2207572?
2356
Calculate the greatest common factor of 396 and 26409708.
36
What is the greatest common factor of 4 and 1610253624?
4
What is the highest common factor of 2625 and 128123625?
2625
Calculate the highest common divisor of 1695101719 and 446.
223
Calculate the highest common factor of 4485936 and 1680.
336
What is the greatest common factor of 42800 and 4522800?
400
What is the highest common factor of 121 and 2447621?
11
What is the highest common factor of 21830483 and 254101?
2467
Calculate the highest common factor of 1338 and 35313834.
1338
What is the highest common divisor of 42399557 and 1821?
607
What is the greatest common divisor of 1058 and 11015114?
46
Calculate the greatest common factor of 2663573 and 33.
11
Calculate the greatest common factor of 36871197 and 66.
33
What is the highest common divisor of 55420 and 226570?
1630
Calculate the highest common factor of 992 and 185814744.
248
Calculate the highest common factor of 78093 and 4257.
9
Calculate the greatest common divisor of 1326531430 and 140.
70
What is the greatest common factor of 15557 and 27624267?
331
Calculate the highest common divisor of 66363423 and 42.
21
What is the highest common factor of 28204 and 303556?
44
What is the highest common divisor of 57235 and 1015?
5
Calculate the greatest common factor of 4559 and 2145973.
47
What is the greatest common divisor of 9 and 39539475?
9
Calculate the greatest common divisor of 9412961 and 57.
19
Calculate the greatest common factor of 200115 and 3384.
9
Calculate the highest common divisor of 29044 and 4292788.
212
What is the greatest common factor of 6342 and 5788132?
2114
What is the highest common factor of 73871943 and 222?
111
Calculate the greatest common divisor of 1970458 and 1358.
1358
Calculate the highest common factor of 17577 and 28981869.
651
What is the highest common factor of 13318600 and 32?
8
What is the greatest common factor of 4780532 and 2929?
101
What is the highest common factor of 2657627 and 3381?
161
What is the greatest common factor of 9845 and 122874550?
895
What is the highest common divisor of 8000 and 1017664?
64
What is the greatest common factor of 1908 and 770643108?
1908
Calculate the highest common factor of 115768 and 472553.
499
Calculate the greatest common divisor of 51660 and 1010.
10
What is the highest common divisor of 930750974 and 886?
886
Calculate the highest common divisor of 938 and 222320.
14
Calculate the greatest common divisor of 932 and 101345447.
233
Calculate the greatest common factor of 4525705 and 38.
19
Calculate the greatest common divisor of 1562819 and 103.
103
What is the highest common factor of 1953 and 7775964?
63
Calculate the greatest common factor of 1527184 and 15395.
3079
What is the highest common divisor of 14944 and 694533608?
3736
What is the greatest common factor of 5832 and 3496608?
648
Calculate the greatest common factor of 46746 and 16807.
49
What is the highest common divisor of 7488 and 19674?
18
What is the highest common factor of 257145487 and 19?
19
Calculate the greatest common factor of 157828958 and 350.
14
Calculate the greatest common factor of 64072596 and 98.
98
Calculate the highest common factor of 366 and 4163433.
183
What is the highest common factor of 6060 and 89505695?
505
What is the greatest common factor of 287 and 49783676?
41
What is the highest common factor of 1449 and 387918?
207
Calculate the highest common factor of 2252 and 142203666.
1126
What is the greatest common factor of 29658042 and 30?
6
What is the highest common factor of 440 and 19213640?
40
What is the greatest common factor of 113078 and 109347?
287
What is the greatest common divisor of 9380 and 3440785?
335
Calculate the highest common divisor of 109492 and 10758472.
3532
What is the highest common divisor of 29354 and 2366?
26
Calculate the highest common factor of 68 and 391678164.
68
What is the greatest common factor of 1210286 and 242?
22
What is the greatest common factor of 13116 and 1700?
4
Calculate the greatest common divisor of 33699171 and 902.
451
Calculate the highest common divisor of 845 and 39268333.
169
Calculate the greatest common factor of 88527213 and 16845.
3369
Calculate the greatest common divisor of 67197 and 52754.
13
What is the greatest common factor of 14163695 and 98?
49
What is the highest common factor of 410805 and 52785?
2295
Calculate the highest common factor of 1669479 and 107625.
861
What is the greatest common divisor of 6833169 and 1071?
63
What is the greatest common divisor of 15051242 and 3378?
1126
Calculate the highest common divisor of 15672996 and 316.
4
Calculate the greatest common divisor of 17901 and 2047599.
1377
Calculate the highest common factor of 878449568 and 3865.
773
What is the greatest common divisor of 14301 and 5690209?
1589
Calculate the greatest common divisor of 506 and 543818.
22
What is the greatest common factor of 449 and 4285312574?
449
Calculate the highest common factor of 140556 and 193596.
2652
What is the highest common divisor of 595 and 31011665?
5
What is the greatest common factor of 285 and 4387755?
15
Calculate the highest common factor of 8160100 and 105950.
650
Calculate the highest common factor of 543762 and 516.
6
Calculate the highest common divisor of 23051228 and 496.
124
What is the greatest common divisor of 232 and 26426163?
29
What is the greatest common factor of 6677190 and 153621?
1521
What is the greatest common divisor of 90644320 and 116?
4
What is the greatest common factor of 2252704 and 464?
16
What is the highest common divisor of 71211465 and 1230?
615
What is the highest common divisor of 67849 and 1389736?
19
What is the highest common factor of 73640 and 19540?
20
Calculate the greatest common divisor of 4443970 and 1870.
170
What is the greatest common divisor of 45 and 1186776?
9
What is the greatest common factor of 721799 and 8542?
4271
Calculate the highest common factor of 158612817 and 18183.
627
Calculate the highest common factor of 1980 and 1890372.
132
Calculate the greatest common factor of 2471875 and 193795.
3955
Calculate the greatest common factor of 2708656 and 1085.
31
What is the highest common factor of 76479 and 787527?
2067
Calculate the highest common factor of 8040183 and 5762.
43
Calculate the highest common divisor of 2355 and 52752.
471
Calculate the greatest common factor of 56738 and 143.
11
What is the highest common divisor of 2529240 and 15540?
420
What is the greatest common factor of 805952 and 102312?
392
What is the highest common divisor of 1632 and 9624?
24
Calculate the highest common divisor of 940 and 75316043.
47
What is the greatest common factor of 136850 and 2137275?
4025
Calculate the highest common factor of 165 and 44797185.
15
What is the highest common divisor of 4819816 and 8?
8
Calculate the highest common divisor of 30686 and 26867.
67
Calculate the highest common divisor of 58144510 and 298310.
12970
What is the greatest common divisor of 1070 and 2534295?
535
What is the highest common divisor of 15893 and 547699?
23
What is the highest common divisor of 201511696 and 256?
16
Calculate the greatest common factor of 4824 and 261568.
536
What is the highest common factor of 3950919 and 1395?
279
Calculate the highest common factor of 50935 and 45445.
305
Calculate the greatest common divisor of 299728598 and 26.
26
What is the highest common factor of 847137 and 25017?
93
What is the greatest common divisor of 65649269 and 196?
49
What is the greatest common divisor of 1541 and 7252015?
23
Calculate the highest common divisor of 181115440 and 1363.
1363
Calculate the highest common factor of 25751165 and 3320.
415
What is the greatest common factor of 130 and 31522790?
130
What is the highest common factor of 340 and 606630?
10
What is the greatest common divisor of 1414007 and 56?
7
What is the highest common